{"id":242,"date":"2026-03-01T18:14:28","date_gmt":"2026-03-01T18:14:28","guid":{"rendered":"https:\/\/natura.saunowa.pl\/?page_id=242"},"modified":"2026-04-02T11:40:45","modified_gmt":"2026-04-02T11:40:45","slug":"wez-udzial","status":"publish","type":"page","link":"https:\/\/natura.saunowa.pl\/index.php\/wez-udzial\/","title":{"rendered":"Zg\u0142o\u015b dru\u017cyn\u0119"},"content":{"rendered":"\t\t<div data-elementor-type=\"wp-page\" data-elementor-id=\"242\" class=\"elementor elementor-242\">\n\t\t\t\t<div class=\"elementor-element elementor-element-b7a77ab e-flex e-con-boxed e-con e-parent\" data-id=\"b7a77ab\" data-element_type=\"container\" data-e-type=\"container\" data-settings=\"{&quot;background_background&quot;:&quot;classic&quot;}\">\n\t\t\t\t\t<div class=\"e-con-inner\">\n\t\t<div class=\"elementor-element elementor-element-7c4b2f4 e-con-full e-flex e-con e-child\" data-id=\"7c4b2f4\" data-element_type=\"container\" data-e-type=\"container\">\n\t\t\t\t<div class=\"elementor-element elementor-element-4586559 elementor-widget elementor-widget-heading\" data-id=\"4586559\" data-element_type=\"widget\" data-e-type=\"widget\" data-widget_type=\"heading.default\">\n\t\t\t\t\t<h2 class=\"elementor-heading-title elementor-size-default\">zapisz\n<br>dru\u017cyn\u0119!<\/h2>\t\t\t\t<\/div>\n\t\t<div class=\"elementor-element elementor-element-4e8ec71 e-con-full e-flex e-con e-child\" data-id=\"4e8ec71\" data-element_type=\"container\" data-e-type=\"container\">\n\t\t\t\t<div class=\"elementor-element elementor-element-10908ef elementor-widget elementor-widget-text-editor\" data-id=\"10908ef\" data-element_type=\"widget\" data-e-type=\"widget\" data-widget_type=\"text-editor.default\">\n\t\t\t\t\t\t\t\t\t<p>Natura Champions to nie tylko zawody.\u00a0<\/p><p>To zwie\u0144czenie drogi, kt\u00f3r\u0105 Saunamistrz<\/p><p>przechodzi poprzez edukacj\u0119, warsztaty<\/p><p>i \u015bwiadome doskonalenie rzemios\u0142a.<\/p><p>\u00a0<\/p><p><span style=\"text-decoration: underline;\"><strong>ZAPISY OD 1 MAJA 2026<\/strong><\/span><\/p>\t\t\t\t\t\t\t\t<\/div>\n\t\t\t\t<\/div>\n\t\t\t\t<\/div>\n\t\t\t\t\t<\/div>\n\t\t\t\t<\/div>\n\t\t<div class=\"elementor-element elementor-element-24a3d15 e-flex e-con-boxed e-con e-parent\" data-id=\"24a3d15\" data-element_type=\"container\" data-e-type=\"container\">\n\t\t\t\t\t<div class=\"e-con-inner\">\n\t\t\t\t<div class=\"elementor-element elementor-element-cf952b3 elementor-widget-divider--view-line elementor-widget elementor-widget-divider\" data-id=\"cf952b3\" data-element_type=\"widget\" data-e-type=\"widget\" data-widget_type=\"divider.default\">\n\t\t\t\t\t\t\t<div class=\"elementor-divider\">\n\t\t\t<span class=\"elementor-divider-separator\">\n\t\t\t\t\t\t<\/span>\n\t\t<\/div>\n\t\t\t\t\t\t<\/div>\n\t\t\t\t<div class=\"elementor-element elementor-element-64ba578 elementor-view-default elementor-position-block-start elementor-mobile-position-block-start elementor-widget elementor-widget-icon-box\" data-id=\"64ba578\" data-element_type=\"widget\" data-e-type=\"widget\" data-widget_type=\"icon-box.default\">\n\t\t\t\t\t\t\t<div class=\"elementor-icon-box-wrapper\">\n\n\t\t\t\t\t\t<div class=\"elementor-icon-box-icon\">\n\t\t\t\t<span  class=\"elementor-icon\">\n\t\t\t\t<svg aria-hidden=\"true\" class=\"e-font-icon-svg e-far-check-circle\" viewBox=\"0 0 512 512\" xmlns=\"http:\/\/www.w3.org\/2000\/svg\"><path d=\"M256 8C119.033 8 8 119.033 8 256s111.033 248 248 248 248-111.033 248-248S392.967 8 256 8zm0 48c110.532 0 200 89.451 200 200 0 110.532-89.451 200-200 200-110.532 0-200-89.451-200-200 0-110.532 89.451-200 200-200m140.204 130.267l-22.536-22.718c-4.667-4.705-12.265-4.736-16.97-.068L215.346 303.697l-59.792-60.277c-4.667-4.705-12.265-4.736-16.97-.069l-22.719 22.536c-4.705 4.667-4.736 12.265-.068 16.971l90.781 91.516c4.667 4.705 12.265 4.736 16.97.068l172.589-171.204c4.704-4.668 4.734-12.266.067-16.971z\"><\/path><\/svg>\t\t\t\t<\/span>\n\t\t\t<\/div>\n\t\t\t\n\t\t\t\t\t\t<div class=\"elementor-icon-box-content\">\n\n\t\t\t\t\t\t\t\t\t<h3 class=\"elementor-icon-box-title\">\n\t\t\t\t\t\t<span  >\n\t\t\t\t\t\t\tZg\u0142o\u015b dru\u017cyn\u0119 przez wype\u0142nienie formularza\t\t\t\t\t\t<\/span>\n\t\t\t\t\t<\/h3>\n\t\t\t\t\n\t\t\t\t\n\t\t\t<\/div>\n\t\t\t\n\t\t<\/div>\n\t\t\t\t\t\t<\/div>\n\t\t\t\t<div class=\"elementor-element elementor-element-9036510 elementor-widget-divider--view-line elementor-widget elementor-widget-divider\" data-id=\"9036510\" data-element_type=\"widget\" data-e-type=\"widget\" data-widget_type=\"divider.default\">\n\t\t\t\t\t\t\t<div class=\"elementor-divider\">\n\t\t\t<span class=\"elementor-divider-separator\">\n\t\t\t\t\t\t<\/span>\n\t\t<\/div>\n\t\t\t\t\t\t<\/div>\n\t\t<div class=\"elementor-element elementor-element-fbe8ad8 e-con-full e-flex e-con e-child\" data-id=\"fbe8ad8\" data-element_type=\"container\" data-e-type=\"container\">\n\t\t<div class=\"elementor-element elementor-element-03dc866 e-grid e-con-full e-con e-child\" data-id=\"03dc866\" data-element_type=\"container\" data-e-type=\"container\">\n\t\t\t\t<div class=\"elementor-element elementor-element-3ea251c elementor-align-justify elementor-widget elementor-widget-button\" data-id=\"3ea251c\" data-element_type=\"widget\" data-e-type=\"widget\" data-widget_type=\"button.default\">\n\t\t\t\t\t\t\t\t\t\t<a class=\"elementor-button elementor-button-link elementor-size-sm\" href=\"#\">\n\t\t\t\t\t\t<span class=\"elementor-button-content-wrapper\">\n\t\t\t\t\t\t\t\t\t<span class=\"elementor-button-text\">Zg\u0142o\u015b dru\u017cyn\u0119<\/span>\n\t\t\t\t\t<\/span>\n\t\t\t\t\t<\/a>\n\t\t\t\t\t\t\t\t<\/div>\n\t\t\t\t<div class=\"elementor-element elementor-element-a1b04ea elementor-widget elementor-widget-text-editor\" data-id=\"a1b04ea\" data-element_type=\"widget\" data-e-type=\"widget\" data-widget_type=\"text-editor.default\">\n\t\t\t\t\t\t\t\t\t<p>Wype\u0142nij formularz by wyrazi\u0107 gotowo\u015b\u0107 do wzi\u0119cia udzia\u0142u w turnieju. <span style=\"text-decoration: underline;\">Zapisy od 1 maja!<\/span><\/p>\t\t\t\t\t\t\t\t<\/div>\n\t\t\t\t<\/div>\n\t\t<div class=\"elementor-element elementor-element-7d15c80 e-grid e-con-full e-con e-child\" data-id=\"7d15c80\" data-element_type=\"container\" data-e-type=\"container\">\n\t\t\t\t<div class=\"elementor-element elementor-element-5ed9c3f elementor-align-justify elementor-widget elementor-widget-button\" data-id=\"5ed9c3f\" data-element_type=\"widget\" data-e-type=\"widget\" data-widget_type=\"button.default\">\n\t\t\t\t\t\t\t\t\t\t<a class=\"elementor-button elementor-button-link elementor-size-sm\" href=\"#\">\n\t\t\t\t\t\t<span class=\"elementor-button-content-wrapper\">\n\t\t\t\t\t\t\t\t\t<span class=\"elementor-button-text\">Zdefiniuj seanse<\/span>\n\t\t\t\t\t<\/span>\n\t\t\t\t\t<\/a>\n\t\t\t\t\t\t\t\t<\/div>\n\t\t\t\t<div class=\"elementor-element elementor-element-62fa9af elementor-widget elementor-widget-text-editor\" data-id=\"62fa9af\" data-element_type=\"widget\" data-e-type=\"widget\" data-widget_type=\"text-editor.default\">\n\t\t\t\t\t\t\t\t\t<p>Wype\u0142nij formularz z opisem seans\u00f3w. Szczeg\u00f3\u0142y ju\u017c w kr\u00f3tce.<\/p>\t\t\t\t\t\t\t\t<\/div>\n\t\t\t\t<\/div>\n\t\t\t\t<\/div>\n\t\t\t\t\t<\/div>\n\t\t\t\t<\/div>\n\t\t<div class=\"elementor-element elementor-element-26754c7 e-flex e-con-boxed e-con e-parent\" data-id=\"26754c7\" data-element_type=\"container\" data-e-type=\"container\">\n\t\t\t\t\t<div class=\"e-con-inner\">\n\t\t\t\t<div class=\"elementor-element elementor-element-f7af1d2 elementor-widget-divider--view-line elementor-widget elementor-widget-divider\" data-id=\"f7af1d2\" data-element_type=\"widget\" data-e-type=\"widget\" data-widget_type=\"divider.default\">\n\t\t\t\t\t\t\t<div class=\"elementor-divider\">\n\t\t\t<span class=\"elementor-divider-separator\">\n\t\t\t\t\t\t<\/span>\n\t\t<\/div>\n\t\t\t\t\t\t<\/div>\n\t\t\t\t\t<\/div>\n\t\t\t\t<\/div>\n\t\t<div class=\"elementor-element elementor-element-258ed39 e-flex e-con-boxed e-con e-parent\" data-id=\"258ed39\" data-element_type=\"container\" data-e-type=\"container\">\n\t\t\t\t\t<div class=\"e-con-inner\">\n\t\t\t\t<div class=\"elementor-element elementor-element-c9a7e36 elementor-widget-divider--view-line elementor-widget elementor-widget-divider\" data-id=\"c9a7e36\" data-element_type=\"widget\" data-e-type=\"widget\" data-widget_type=\"divider.default\">\n\t\t\t\t\t\t\t<div class=\"elementor-divider\">\n\t\t\t<span class=\"elementor-divider-separator\">\n\t\t\t\t\t\t<\/span>\n\t\t<\/div>\n\t\t\t\t\t\t<\/div>\n\t\t\t\t\t<\/div>\n\t\t\t\t<\/div>\n\t\t<div class=\"elementor-element elementor-element-54e6943 e-grid e-con-boxed e-con e-parent\" data-id=\"54e6943\" data-element_type=\"container\" data-e-type=\"container\">\n\t\t\t\t\t<div class=\"e-con-inner\">\n\t\t\t\t<div class=\"elementor-element elementor-element-724beb0 elementor-widget elementor-widget-image\" data-id=\"724beb0\" data-element_type=\"widget\" data-e-type=\"widget\" data-widget_type=\"image.default\">\n\t\t\t\t\t\t\t\t\t\t\t\t\t\t\t<img fetchpriority=\"high\" decoding=\"async\" width=\"1024\" height=\"1024\" src=\"https:\/\/natura.saunowa.pl\/wp-content\/uploads\/2026\/03\/NC_edukacja_0-1024x1024.jpg\" class=\"attachment-large size-large wp-image-264\" alt=\"\" srcset=\"https:\/\/natura.saunowa.pl\/wp-content\/uploads\/2026\/03\/NC_edukacja_0-1024x1024.jpg 1024w, https:\/\/natura.saunowa.pl\/wp-content\/uploads\/2026\/03\/NC_edukacja_0-300x300.jpg 300w, https:\/\/natura.saunowa.pl\/wp-content\/uploads\/2026\/03\/NC_edukacja_0-150x150.jpg 150w, https:\/\/natura.saunowa.pl\/wp-content\/uploads\/2026\/03\/NC_edukacja_0-768x768.jpg 768w, https:\/\/natura.saunowa.pl\/wp-content\/uploads\/2026\/03\/NC_edukacja_0-1x1.jpg 1w, https:\/\/natura.saunowa.pl\/wp-content\/uploads\/2026\/03\/NC_edukacja_0.jpg 1528w\" sizes=\"(max-width: 1024px) 100vw, 1024px\" \/>\t\t\t\t\t\t\t\t\t\t\t\t\t\t\t<\/div>\n\t\t<div class=\"elementor-element elementor-element-60d3398 e-flex e-con-boxed e-con e-child\" data-id=\"60d3398\" data-element_type=\"container\" data-e-type=\"container\">\n\t\t\t\t\t<div class=\"e-con-inner\">\n\t\t\t\t<div class=\"elementor-element elementor-element-baee857 elementor-widget elementor-widget-icon-box\" data-id=\"baee857\" data-element_type=\"widget\" data-e-type=\"widget\" data-widget_type=\"icon-box.default\">\n\t\t\t\t\t\t\t<div class=\"elementor-icon-box-wrapper\">\n\n\t\t\t\n\t\t\t\t\t\t<div class=\"elementor-icon-box-content\">\n\n\t\t\t\t\t\t\t\t\t<h3 class=\"elementor-icon-box-title\">\n\t\t\t\t\t\t<span  >\n\t\t\t\t\t\t\tWarsztaty dla uczestnik\u00f3w\t\t\t\t\t\t<\/span>\n\t\t\t\t\t<\/h3>\n\t\t\t\t\n\t\t\t\t\t\t\t\t\t<p class=\"elementor-icon-box-description\">\n\t\t\t\t\t\tWYJ\u0104TKOWA FORMU\u0141A\t\t\t\t\t<\/p>\n\t\t\t\t\n\t\t\t<\/div>\n\t\t\t\n\t\t<\/div>\n\t\t\t\t\t\t<\/div>\n\t\t\t\t<div class=\"elementor-element elementor-element-6f8facc elementor-widget-divider--view-line elementor-widget elementor-widget-divider\" data-id=\"6f8facc\" data-element_type=\"widget\" data-e-type=\"widget\" data-widget_type=\"divider.default\">\n\t\t\t\t\t\t\t<div class=\"elementor-divider\">\n\t\t\t<span class=\"elementor-divider-separator\">\n\t\t\t\t\t\t<\/span>\n\t\t<\/div>\n\t\t\t\t\t\t<\/div>\n\t\t\t\t<div class=\"elementor-element elementor-element-a85bf6a elementor-widget elementor-widget-text-editor\" data-id=\"a85bf6a\" data-element_type=\"widget\" data-e-type=\"widget\" data-widget_type=\"text-editor.default\">\n\t\t\t\t\t\t\t\t\t<p>Natura Champions to nie tylko zawody. To zwie\u0144czenie drogi, kt\u00f3r\u0105 Saunamistrz przechodzi poprzez edukacj\u0119, warsztaty i \u015bwiadome doskonalenie rzemios\u0142a. To moment, w kt\u00f3rym wiedza spotyka si\u0119 z praktyk\u0105, a do\u015bwiadczenie z odpowiedzialno\u015bci\u0105 za jako\u015b\u0107 seansu.<\/p><p>\u00a0<\/p><p>Natura Champions to wyj\u0105tkowa formu\u0142a, kt\u00f3ra \u0142\u0105czy turniej z doskonaleniem umiej\u0119tno\u015bci zawodnik\u00f3w, tak aby stworzy\u0107 sp\u00f3jny, wybitnie aromatyczny i g\u0142\u0119boki cykl do\u015bwiadcze\u0144 saunowych.<\/p><p>\u00a0<\/p><p>Zapisuj\u0105c si\u0119 do udzia\u0142u w turnieju, wchodzisz w proces intensywnego rozwoju. Przygotowania do rywalizacji to pot\u0119\u017cna dawka wiedzy o pracy z zapachem, temperatur\u0105, naturalnymi surowcami i kosmetykami. To tak\u017ce nauka budowania sp\u00f3jnych, bezpiecznych i skutecznych ceremonii:<\/p><p><br \/>\u2013 seans\u00f3w saunowych,<br \/>\u2013 seans\u00f3w piel\u0119gnacyjnych,<br \/>\u2013 sesji harmonizuj\u0105cych w wypoczywalni.<\/p>\t\t\t\t\t\t\t\t<\/div>\n\t\t\t\t\t<\/div>\n\t\t\t\t<\/div>\n\t\t\t\t\t<\/div>\n\t\t\t\t<\/div>\n\t\t<div class=\"elementor-element elementor-element-414dbe0 e-flex e-con-boxed e-con e-parent\" data-id=\"414dbe0\" data-element_type=\"container\" data-e-type=\"container\">\n\t\t\t\t\t<div class=\"e-con-inner\">\n\t\t\t\t<div class=\"elementor-element elementor-element-8c60149 elementor-widget-divider--view-line elementor-widget elementor-widget-divider\" data-id=\"8c60149\" data-element_type=\"widget\" data-e-type=\"widget\" data-widget_type=\"divider.default\">\n\t\t\t\t\t\t\t<div class=\"elementor-divider\">\n\t\t\t<span class=\"elementor-divider-separator\">\n\t\t\t\t\t\t<\/span>\n\t\t<\/div>\n\t\t\t\t\t\t<\/div>\n\t\t\t\t<div class=\"elementor-element elementor-element-ecc8dcc elementor-widget elementor-widget-icon-box\" data-id=\"ecc8dcc\" data-element_type=\"widget\" data-e-type=\"widget\" data-widget_type=\"icon-box.default\">\n\t\t\t\t\t\t\t<div class=\"elementor-icon-box-wrapper\">\n\n\t\t\t\n\t\t\t\t\t\t<div class=\"elementor-icon-box-content\">\n\n\t\t\t\t\t\t\t\t\t<h3 class=\"elementor-icon-box-title\">\n\t\t\t\t\t\t<span  >\n\t\t\t\t\t\t\tWarsztaty dla uczestnik\u00f3w\t\t\t\t\t\t<\/span>\n\t\t\t\t\t<\/h3>\n\t\t\t\t\n\t\t\t\t\t\t\t\t\t<p class=\"elementor-icon-box-description\">\n\t\t\t\t\t\tWYJ\u0104TKOWA FORMU\u0141A\t\t\t\t\t<\/p>\n\t\t\t\t\n\t\t\t<\/div>\n\t\t\t\n\t\t<\/div>\n\t\t\t\t\t\t<\/div>\n\t\t\t\t<div class=\"elementor-element elementor-element-70a9fb7 elementor-widget-divider--view-line elementor-widget elementor-widget-divider\" data-id=\"70a9fb7\" data-element_type=\"widget\" data-e-type=\"widget\" data-widget_type=\"divider.default\">\n\t\t\t\t\t\t\t<div class=\"elementor-divider\">\n\t\t\t<span class=\"elementor-divider-separator\">\n\t\t\t\t\t\t<\/span>\n\t\t<\/div>\n\t\t\t\t\t\t<\/div>\n\t\t\t\t\t<\/div>\n\t\t\t\t<\/div>\n\t\t<div class=\"elementor-element elementor-element-bc9dedf e-flex e-con-boxed e-con e-parent\" data-id=\"bc9dedf\" data-element_type=\"container\" data-e-type=\"container\">\n\t\t\t\t\t<div class=\"e-con-inner\">\n\t\t<div class=\"elementor-element elementor-element-db4ec43 e-con-full e-flex e-con e-child\" data-id=\"db4ec43\" data-element_type=\"container\" data-e-type=\"container\">\n\t\t\t\t<div class=\"elementor-element elementor-element-93bfb12 elementor-widget elementor-widget-text-editor\" data-id=\"93bfb12\" data-element_type=\"widget\" data-e-type=\"widget\" data-widget_type=\"text-editor.default\">\n\t\t\t\t\t\t\t\t\t<p>Turniej zosta\u0142 zaprojektowany jako praktyczne sprawdzenie kompetencji, kt\u00f3re Saunamistrz zdobywa podczas szkole\u0144 i warsztat\u00f3w. Tu nie liczy si\u0119 tylko efektowno\u015b\u0107, lecz zrozumienie proces\u00f3w, umiej\u0119tno\u015b\u0107 pracy zespo\u0142owej oraz \u015bwiadome prowadzenie uczestnik\u00f3w przez pe\u0142en cykl.<\/p><p>\u00a0<\/p><p>Natura Champions to przestrze\u0144, w kt\u00f3rej rozw\u00f3j nie ko\u0144czy si\u0119 na podium. To inwestycja w profesjonalizm. Uczestnik\u00f3w czekaj\u0105 webinary poprzedzaj\u0105ce rozpocz\u0119cie zmaga\u0144, a w trakcie kwalifikacji \u2013 realizowanych w festiwalowej formule \u2013 ka\u017cda dru\u017cyna we\u017amie udzia\u0142 w warsztatach doskonal\u0105cych.<\/p>\t\t\t\t\t\t\t\t<\/div>\n\t\t\t\t<div class=\"elementor-element elementor-element-d146080 elementor-widget-divider--view-line elementor-widget elementor-widget-divider\" data-id=\"d146080\" data-element_type=\"widget\" data-e-type=\"widget\" data-widget_type=\"divider.default\">\n\t\t\t\t\t\t\t<div class=\"elementor-divider\">\n\t\t\t<span class=\"elementor-divider-separator\">\n\t\t\t\t\t\t<\/span>\n\t\t<\/div>\n\t\t\t\t\t\t<\/div>\n\t\t\t\t<\/div>\n\t\t\t\t\t<\/div>\n\t\t\t\t<\/div>\n\t\t\t\t<\/div>\n\t\t","protected":false},"excerpt":{"rendered":"<p>zapisz dru\u017cyn\u0119! Natura Champions to nie tylko zawody.\u00a0 To zwie\u0144czenie drogi, kt\u00f3r\u0105 Saunamistrz przechodzi poprzez edukacj\u0119, warsztaty i \u015bwiadome doskonalenie rzemios\u0142a. \u00a0 ZAPISY OD 1 MAJA 2026 Zg\u0142o\u015b dru\u017cyn\u0119 przez wype\u0142nienie formularza Zg\u0142o\u015b dru\u017cyn\u0119 Wype\u0142nij formularz by wyrazi\u0107 gotowo\u015b\u0107 do wzi\u0119cia udzia\u0142u w turnieju. Zapisy od 1 maja! Zdefiniuj seanse Wype\u0142nij formularz z opisem seans\u00f3w. [&hellip;]<\/p>\n","protected":false},"author":1,"featured_media":0,"parent":0,"menu_order":0,"comment_status":"closed","ping_status":"closed","template":"elementor_header_footer","meta":{"footnotes":""},"class_list":["post-242","page","type-page","status-publish","hentry"],"_links":{"self":[{"href":"https:\/\/natura.saunowa.pl\/index.php\/wp-json\/wp\/v2\/pages\/242","targetHints":{"allow":["GET"]}}],"collection":[{"href":"https:\/\/natura.saunowa.pl\/index.php\/wp-json\/wp\/v2\/pages"}],"about":[{"href":"https:\/\/natura.saunowa.pl\/index.php\/wp-json\/wp\/v2\/types\/page"}],"author":[{"embeddable":true,"href":"https:\/\/natura.saunowa.pl\/index.php\/wp-json\/wp\/v2\/users\/1"}],"replies":[{"embeddable":true,"href":"https:\/\/natura.saunowa.pl\/index.php\/wp-json\/wp\/v2\/comments?post=242"}],"version-history":[{"count":44,"href":"https:\/\/natura.saunowa.pl\/index.php\/wp-json\/wp\/v2\/pages\/242\/revisions"}],"predecessor-version":[{"id":379,"href":"https:\/\/natura.saunowa.pl\/index.php\/wp-json\/wp\/v2\/pages\/242\/revisions\/379"}],"wp:attachment":[{"href":"https:\/\/natura.saunowa.pl\/index.php\/wp-json\/wp\/v2\/media?parent=242"}],"curies":[{"name":"wp","href":"https:\/\/api.w.org\/{rel}","templated":true}]}}